2 + 7*n - 22. Calculate f(-10).
8
Let p(s) = s**3 + s**2 - 3*s + 1. Give p(-3).
-8
Let x(l) = -l - 14. Give x(-9).
-5
Let g(n) = n**3 - 18*n**2 - 19*n - 12. What is g(19)?
-12
Let i(o) = -o**3 - 7*o**2 - 8*o + 10. Determine i(-5).
0
Let s(x) = 3*x**3 - 16*x**2 + 3*x + 2. Give s(5).
-8
Let d(m) = -11*m + 1. Calculate d(1).
-10
Let h(d) = d**3 + 9*d**2 + 7*d - 41. Calculate h(-7).
8
Let y(h) = -h**3 + 2*h**2 + 2*h - 2. What is y(3)?
-5
Let a(d) = 5*d**3 - 3*d**2 + 2*d - 3. What is a(2)?
29
Let a(j) = j**2 + 7*j - 15. What is a(-9)?
3
Let a(i) = -3*i**2 - 2*i + 9. Determine a(-4).
-31
Let f(c) = c + 2. Calculate f(-4).
-2
Let a(f) = -9*f - 35. Calculate a(-4).
1
Let f(p) = -2*p**2 - 16*p + 6. What is f(-8)?
6
Let j(r) = -111*r**2 - 3*r + 2. Determine j(1).
-112
Let o(a) = -a**2 + 2*a + 10. What is o(7)?
-25
Let g(c) = -c**3 - 28*c**2 + 28*c - 30. Determine g(-29).
-1
Let f(j) = j**3 + 10*j**2 - 4*j - 18. What is f(-10)?
22
Let h(z) = -z**3 - 10*z**2 + 13*z + 7. Give h(-11).
-15
Let w(v) = -v**3 + 18*v**2 - 32*v - 3. Calculate w(16).
-3
Let m(t) = -t - 6. What is m(7)?
-13
Let b(v) = -v**3 + 13*v**2 + 18*v - 59. Determine b(14).
-3
Let w(a) = -2*a**2 + 19*a - 26. Give w(7).
9
Let b(d) = 23*d - 137. Determine b(6).
1
Let r(h) = h**3 - h**2 + h + 1. Give r(-3).
-38
Let d(w) = -4*w**2 - 3*w + 1. Give d(-3).
-26
Let d(n) = 2*n + 9. Determine d(-8).
-7
Let t(z) = z**2 - 11*z + 14. Determine t(6).
-16
Let f(j) = 7*j**2 - 47*j - 6. Determine f(6).
-36
Let z(n) = -n**3 + 7*n**2 - 9*n + 14. Calculate z(6).
-4
Let m(j) = -j**3 - 10*j**2 - 4*j + 10. What is m(-9)?
-35
Let d(v) = v + 1. What is d(7)?
8
Let g(x) = -5*x - 5. Give g(-2).
5
Let z(r) = -5*r + 41. Give z(5).
16
Let a(m) = 4*m**2 - m - 6. Give a(-2).
12
Let m(a) = a**2 - 15*a + 11. Give m(16).
27
Let l(o) = -o**3 + o**2 + o + 76. Determine l(0).
76
Let u(o) = -3*o - 9. What is u(0)?
-9
Let p(l) = 8*l + 72. Calculate p(-9).
0
Let c(m) = -m**2 + 5*m + 4. Give c(6).
-2
Let l(b) = -4*b + 4. What is l(-1)?
8
Let i(t) = t + 13. Calculate i(-19).
-6
Let d(u) = 5*u - 10. What is d(2)?
0
Let h(i) = 2*i**3 + 115*i**2 + 57*i - 5. Determine h(-57).
-5
Let b(v) = 6*v + 10. What is b(-6)?
-26
Let f(o) = -o**3 - 11*o**2 + 11*o - 4. Determine f(-12).
8
Let y(r) = -98*r - 86. Give y(-1).
12
Let t(s) = -s**2 - 28*s + 57. Give t(-30).
-3
Let u(s) = 7*s + 91. Calculate u(-14).
-7
Let t(x) = x**3 - 5*x**2 - 10*x + 27. What is t(6)?
3
Let z(j) = -2*j**3 - 7*j**2 - 6*j - 7. Calculate z(-3).
2
Let a(x) = x**3 - 1. Determine a(0).
-1
Let y(r) = -r**3 - 6*r**2 + 3*r. Calculate y(-7).
28
Let c(l) = -l**2 + 1. Give c(3).
-8
Let l(w) = 22*w + 45. Determine l(-9).
-153
Let x(o) = o**3 + 10*o**2 - o - 10. Give x(-10).
0
Let j(o) = -o**3 + 10*o**2 + 8*o + 23. What is j(11)?
-10
Let p(q) = 26*q - 155. Give p(6).
1
Let h(o) = -o**3 - 3*o**2 - 3*o - 3. Calculate h(-2).
-1
Let v(m) = -m**3 + 2*m - 2. Determine v(-2).
2
Let i(l) = 4*l**3 + 65*l**2 + 16*l + 6. Give i(-16).
6
Let y(h) = h**2 - 7*h + 6. Calculate y(6).
0
Let u(c) = 4*c**2 - 6*c - 1. Calculate u(2).
3
Let i(k) = -k**2 + k + 1. Give i(-3).
-11
Let v(d) = 10*d**3 - 3*d**2 - 5*d + 6. Calculate v(2).
64
Let l(f) = 19*f - 12. Give l(-4).
-88
Let x(c) = c**3 - 6*c**2 + 7*c - 8. Give x(5).
2
Let h(n) = 2*n**3 - n**2 - 2*n + 2. Calculate h(2).
10
Let w(f) = f**2 - 2*f - 48. Determine w(-6).
0
Let s(b) = -5*b - 2. Calculate s(4).
-22
Let p(k) = -6*k + 17. Give p(3).
-1
Let j(i) = 3*i**2 + 15*i + 28. Determine j(-6).
46
Let i(d) = 20*d**2 + 25*d - 1. Give i(-1).
-6
Let d(a) = a - 5. Determine d(15).
10
Let r(l) = l. Calculate r(-3).
-3
Let s(q) = -3*q - 71. What is s(-31)?
22
Let q(f) = f**3 + 8*f**2 + 14. Determine q(-9).
-67
Let c(f) = -f**2 - 7*f - 7. Give c(-7).
-7
Let y(v) = -v**3 - 7*v**2 - 8*v + 2. Determine y(-5).
-8
Let g(l) = -l**3 - 4*l**2 + l + 4. Calculate g(2).
-18
Let y(z) = -z**2 - 7*z + 2. Determine y(6).
-76
Let d(h) = -7*h**3 - h - 1. What is d(-1)?
7
Let c(b) = b - 3. What is c(-4)?
-7
Let a(p) = -p + 10. Calculate a(-5).
15
Let i(f) = -f**2 - f + 39. What is i(0)?
39
Let h(s) = -4*s**2 + 28*s - 12. Give h(7).
-12
Let g(v) = -49*v + 434. Determine g(9).
-7
Let i(t) = -t**3 - 7*t**2 + 2*t - 17. What is i(-8)?
31
Let o(v) = v**3 - 30*v**2 + 55*v + 24. Give o(28).
-4
Let b(v) = v**3 - 8*v**2 + 8*v - 16. What is b(7)?
-9
Let c(d) = -8*d + 24. Calculate c(4).
-8
Let z(x) = -x**3 - 4*x**2 + 9*x - 8. What is z(2)?
-14
Let c(a) = a**2 - 2*a - 18. Calculate c(6).
6
Let z(o) = -2*o**2 + 101*o - 148. Give z(49).
-1
Let l(u) = u**2 + 6*u - 42. Determine l(4).
-2
Let x(s) = -s**3 + 4*s**2 - 5*s - 3. What is x(4)?
-23
Let i(k) = k**2 - 9*k + 12. What is i(9)?
12
Let c(y) = -138*y - 151. Calculate c(-1).
-13
Let k(u) = u**2 - u - 36. Determine k(6).
-6
Let h(q) = -q**2 + 13*q + 16. Calculate h(16).
-32
Let n(k) = -k**2 + 2*k + 7. Determine n(5).
-8
Let l(s) = s**3 + 15*s**2 - 31*s + 49. Determine l(-17).
-2
Let l(d) = d - 3. What is l(14)?
11
Let n(m) = -5*m - 21. Calculate n(0).
-21
Let x(t) = t**3 - 14*t**2 - t + 16. What is x(14)?
2
Let m(b) = b**2 + 10*b - 23. What is m(-12)?
1
Let u(i) = 7*i**3 + i - 1. Determine u(1).
7
Let x(p) = -2*p - 17. Give x(-9).
1
Let f(p) = -2*p**2 - 15*p - 15. Give f(-8).
-23
Let i(v) = v - 21. Determine i(17).
-4
Let d(y) = 8*y - 78. Calculate d(11).
10
Let o(v) = -v - 16. Determine o(-9).
-7
Let t(d) = -3*d**2 - 29*d - 12. Calculate t(-9).
6
Let x(t) = -t**3 + 4*t - 1. What is x(1)?
2
Let k(s) = -s**3 + 48*s**2 - 95*s + 104. What is k(46)?
-34
Let g(t) = -14*t - 100. Determine g(-8).
12
Let j(f) = -f**3 + 22*f**2 - f + 30. What is j(22)?
8
Let b(j) = -j**2 + 13*j - 5. What is b(9)?
31
Let s(w) = 11*w + 138. Calculate s(-13).
-5
Let l(w) = -w**3 + 3*w**2 + 1. Calculate l(3).
1
Let q(c) = 7*c**3 + c**2. Calculate q(1).
8
Let f(a) = 20*a + 20. Give f(-2).
-20
Let q(b) = b - 25. Give q(6).
-19
Let d(i) = 2*i + 42. Give d(-19).
4
Let o(c) = -18*c - 1729. Determine o(-96).
-1
Let c(b) = 5*b + 87. Determine c(-18).
-3
Let d(u) = 6*u - 3. Calculate d(-2).
-15
Let u(t) = t**2 - 3*t - 1. Calculate u(4).
3
Let a(k) = -k**2 - k. Give a(12).
-156
Let x(z) = -2*z**2 + 7*z + 5. Give x(-4).
-55
Let h(s) = -4*s + 6. What is h(-4)?
22
Let i(l) = -l**3 + 11*l**2 - 8*l. Determine i(10).
20
Let f(m) = -m - 2. Give f(-1).
-1
Let q(o) = o**2 - 7*o + 7. Calculate q(8).
15
Let i(a) = -a + 45. Determine i(-12).
57
Let f(a) = 5*a - 99. Determine f(22).
11
Let n(k) = -k**2 - 8*k - 21. Determine n(-7).
-14
Let r(f) = 3*f**2 - 5*f - 2. Give r(6).
76
Let y(r) = 33*r + 171. Determine y(-5).
6
Let q(h) = h**3 + 11*h**2 - h - 18. Give q(-11).
-7
Let a(d) = 13*d - 32. Determine a(2).
-6
Let y(s) = -6*s - 1. Determine y(1).
-7
Let z(l) = -11*l - 40. Determine z(-3).
-7
Let w(r) = -r - 12. Give w(27).
-39
Let k(q) = -10*q**2 + q. Calculate k(-1).
-11
Let g(b) = b**2 - 50*b - 1395. Determine g(-20).
5
Let n(z) = z**3 - 7*z**2 - 29*z - 20. Determine n(10).
-10
Let x(g) = 15*g - 23. Give x(4).
37
Let l(h) = h**3 - 13*h**2 + 13*h + 8. Calculate l(12).
20
Let h(r) = r**2 - 7*r + 10. What is h(5)?
0
Let z(c) = -c**3 - 9*c**2 - 7*c. What is z(-8)?
-8
Let w(z) = z - 6. Calculate w(1).
-5
Let i(u) = -2*u + 19. Determine i(5).
9
Let p(i) = i - 5. Give p(7).
2
Let h(s) = -2*s + 2. Give h(4).
-6
Let c(w) = 2*w**2 + 10*w + 7. Calculate c(-3).
-5
Let t(f) = -f**2 - 5*f + 13. Give t(6).
-53
Let r(l) = -6*l - 22. What is r(-10)?
38
Let i(r) = 5*r**3 + 5*r**2 + 4*r - 4. What is i(-3)?
-106
Let x(t) = t**3 + 28*t**2 - 60*t - 6. What is x(-30)?
-6
Let h(v) = v**2 - 65*v + 354. What is h(59)?
0
Let b(y) = -y**3 + 12*y**2 + 12*y - 7. Determine b(13).
-20
Let j(b) = -b**2 + 16*b + 7. Determine j(16).
7
Let c(a) = 6*a + 11. Calculate c(2).
23
Let p(v) = v**3 - 20*v**2 - 17*v - 78. What is p(21)?
6
Let s(p) = -p**2 + 33*p - 23. Calculate s(32).
9
Let j(z) = z**3 - 2*z**2 - z + 12. Determine j(0).
12
Let d(j) = -j**3 + 5*j**2 + 11*j + 5. Calculate d(7).
-16
Let k(l) = l**2 - 14*l + 4. Give k(5).
-41
Let g(f) = -9*f**2 + 14*f + 15. Give g(-1).
-8
Let s(n) = -2*n**3 - 18*n**2 + 3*n + 19. Determine s(-9).
-8
Let p(z) = -2*z**3 + 4*z**2 - 3*z + 5. Give p(4).
-71
Let m(l) = -2*l**2 + 12*l + 6. Give m(7).
-8
Let b(m) = m**2 + 20*m + 48. What is b(-3)?
-3
Let s(n) = 5*n**2 - 56*n + 8. Calculate s(11).
-3
L